t is d(-10)?
-8
Let q(k) = 5*k**2 - 4*k + 2. Give q(2).
14
Let r(u) = 5*u + 44. What is r(-8)?
4
Let o(r) = -r**2 + 8*r - 6. Give o(6).
6
Let j(d) = 23*d - 14. Determine j(1).
9
Let f(v) = -v**3 + 10*v**2 + 6*v + 8. Determine f(10).
68
Let q(n) = n**3 + 11*n**2 - 13*n - 5. Give q(-12).
7
Let m(r) = 4*r - 42. Determine m(14).
14
Let f(t) = -2*t - 36. Calculate f(13).
-62
Let y(g) = -3*g + 32. Calculate y(6).
14
Let y(s) = -s**2 - 4*s + 19. What is y(-8)?
-13
Let m(r) = r**2 + 8*r + 3. Calculate m(-8).
3
Let b(h) = -h**3 - 5*h**2 + 7*h + 10. Determine b(-7).
59
Let w(m) = 10*m + 7. What is w(8)?
87
Let o(c) = -c + 4. What is o(2)?
2
Let x(g) = 45*g - 4. Calculate x(1).
41
Let k(t) = t**3 - 2*t**2 - 6*t + 2. Give k(5).
47
Let w(i) = 10*i - 588. Give w(59).
2
Let n(o) = -o**2 + 22*o + 25. Give n(23).
2
Let y(u) = -u**2 + 12*u - 23. Give y(10).
-3
Let b(g) = -g**3 + 11*g**2 + 3*g + 10. Determine b(11).
43
Let t(o) = -o + 6. Determine t(9).
-3
Let i(s) = s**3 - s**2 + 3. What is i(3)?
21
Let y(k) = 5*k + 1. Give y(2).
11
Let i(c) = 10*c + 76. Calculate i(-5).
26
Let s(p) = -p**3 - 2*p**2 + 5*p - 10. Calculate s(-4).
2
Let f(m) = m**3 + 15*m**2 + 15*m + 21. Give f(-14).
7
Let b(q) = -q**3 - 12*q**2 - q - 1. Calculate b(-12).
11
Let n(f) = f**3 - 10*f**2 + 17*f + 9. Calculate n(7).
-19
Let t(q) = 6*q - 7. Determine t(-5).
-37
Let h(t) = 3*t**3 - 5*t**2 + 6*t - 6. Determine h(4).
130
Let m(v) = v**3 + 5*v**2 + 34*v + 225. What is m(-6)?
-15
Let j(y) = -4*y**3 + 25*y**2 - 6*y + 20. Determine j(6).
20
Let x(n) = n**2 + 14*n - 52. What is x(-17)?
-1
Let d(w) = 7*w**3 - 10*w**2 + 12*w - 2. Determine d(1).
7
Let t(b) = 3*b - 11. Determine t(6).
7
Let b(o) = -5*o + 144. Determine b(26).
14
Let t(k) = -k**2 + 4*k - 4. What is t(2)?
0
Let u(c) = 6*c - 46. Calculate u(8).
2
Let x(l) = l**2 + 4*l - 6. Give x(-6).
6
Let i(t) = t**3 + t**2 + 2*t - 1. Give i(0).
-1
Let i(o) = 3*o**2 + 37*o + 35. What is i(-10)?
-35
Let q(k) = 2*k - 2. What is q(-29)?
-60
Let v(i) = -4*i - 7. Give v(3).
-19
Let i(w) = 6*w**2 + 13*w - 13. What is i(1)?
6
Let v(j) = j**2 - 10*j - 12. What is v(11)?
-1
Let l(t) = 5*t - 8. Calculate l(0).
-8
Let i(s) = s**2 - 13*s + 14. Determine i(11).
-8
Let r(m) = -m**2 + 10*m + 54. Determine r(15).
-21
Let u(d) = -5*d**2 - 5*d - 5. Calculate u(-1).
-5
Let z(g) = -g**2 + 16*g - 41. What is z(14)?
-13
Let g(b) = -b**3 + 5*b**2 + 4*b. Give g(4).
32
Let a(l) = -l + 4. Calculate a(-5).
9
Let l(y) = -y**3 + 6*y**2 - 9*y + 3. Determine l(4).
-1
Let f(h) = h**3 + 3*h**2 - 6*h + 1. Give f(-5).
-19
Let j(v) = -54*v + 217. Determine j(4).
1
Let h(d) = -2*d**3 + 6*d**2 - d - 2. What is h(5)?
-107
Let y(l) = 7*l + 36. What is y(-6)?
-6
Let c(w) = -w + 21. What is c(5)?
16
Let w(z) = -20*z + 32. What is w(2)?
-8
Let q(o) = o**3 - 2*o**2 - 3*o - 2. Give q(3).
-2
Let f(x) = -118*x**3 - x**2 + x. Determine f(1).
-118
Let n(f) = -f**3 + 6*f**2 + 52*f + 16. What is n(11)?
-17
Let l(o) = -o**2 - 18*o + 196. Calculate l(-26).
-12
Let u(s) = 4*s + 58. What is u(-14)?
2
Let s(q) = 6*q**3 + q**2 + 3*q + 3. Calculate s(-2).
-47
Let o(x) = -30*x - 117. Determine o(-4).
3
Let j(n) = n**3 - n + 12. Give j(0).
12
Let z(t) = t - 5. Give z(-1).
-6
Let w(t) = -11*t + 7. Calculate w(-14).
161
Let k(p) = -p**3 + 3*p**2 + 1. What is k(3)?
1
Let f(k) = -6*k - 2. Calculate f(-7).
40
Let v(o) = -36*o**3 - o**2 - o + 1. Determine v(1).
-37
Let g(w) = -w + 7. Calculate g(4).
3
Let g(y) = y**2 - 10*y + 19. Calculate g(8).
3
Let r(d) = 2*d**3 - 2*d**2 - 3*d - 6. Determine r(-2).
-24
Let r(f) = -17*f**2 + 187*f - 6. Determine r(11).
-6
Let y(i) = i**3 - 11*i**2 + 12*i - 34. Determine y(10).
-14
Let s(o) = o**2 - 4*o + 19. Determine s(3).
16
Let r(y) = y - 8. Give r(6).
-2
Let f(b) = -b - 7. Give f(0).
-7
Let a(x) = -24*x + 135. What is a(6)?
-9
Let d(m) = m**3 + 23*m**2 - 2*m - 47. What is d(-23)?
-1
Let n(i) = -i**2 + i + 1. Calculate n(4).
-11
Let n(j) = -11*j**2 + 17*j + 18. Determine n(-1).
-10
Let f(x) = -x**3 - 23*x**2 - 22*x - 1. Determine f(-22).
-1
Let x(k) = -k**2 + 8*k + 3. Determine x(4).
19
Let j(m) = 7*m**2 - m + 7. Determine j(0).
7
Let c(d) = d**3 - 20*d**2 + 18*d + 14. Calculate c(19).
-5
Let y(c) = 4*c - 7. Give y(4).
9
Let n(o) = 15*o. Give n(2).
30
Let x(d) = -d**3 - 28*d**2 + 27*d - 54. What is x(-29)?
4
Let f(v) = -v - 7. What is f(0)?
-7
Let q(g) = -60*g**2 + g - 1. Determine q(1).
-60
Let c(d) = d**3 + 19*d**2 - 15*d + 93. Give c(-20).
-7
Let g(r) = -3*r**3 + 2*r**2 - 4*r + 3. Determine g(2).
-21
Let g(y) = -y**3 + 3*y**2 - 5*y + 2. What is g(2)?
-4
Let b(h) = -h**2 - 11*h + 69. Calculate b(4).
9
Let c(q) = -2*q**2 - 8*q - 4. Give c(-4).
-4
Let s(t) = t**3 + 10*t**2 + 4*t - 16. Calculate s(-10).
-56
Let x(p) = -p**3 + 5*p**2 - 3*p - 3. Calculate x(4).
1
Let a(g) = -2*g**2 + g - 4. What is a(0)?
-4
Let i(b) = b**3 + 39*b**2 - 172*b - 3. Give i(-43).
-3
Let m(v) = -v**3 - 5*v**2 + 7*v + 14. Determine m(-6).
8
Let h(v) = -v**3 - 4*v**2 - 2*v + 3. Give h(-3).
0
Let x(o) = o**2 + 3*o - 4. What is x(0)?
-4
Let n(u) = -3*u**3 - 3*u**2 - 3*u - 4. Determine n(-2).
14
Let m(z) = 2*z - 137. Determine m(40).
-57
Let o(a) = 4*a - 6. Give o(6).
18
Let a(m) = -3*m**3 + m**2 - m. What is a(2)?
-22
Let s(n) = -63*n + 509. Give s(8).
5
Let l(z) = z**2 + 59*z - 2215. What is l(-85)?
-5
Let o(z) = z**2 + 6*z + 2. Give o(-6).
2
Let x(b) = -b**3 - 2*b**2 + b. Calculate x(0).
0
Let n(k) = -k + 12. Calculate n(9).
3
Let w(a) = a**2 + 15*a + 16. What is w(-11)?
-28
Let i(p) = 2*p + 4. Determine i(-3).
-2
Let p(a) = a**3 - 7*a**2 + 7*a + 2. Give p(6).
8
Let g(j) = 3*j**2 + 10*j - 13. What is g(-4)?
-5
Let s(n) = -29*n + 441. Determine s(15).
6
Let y(x) = x**2 - 21*x + 40. Calculate y(19).
2
Let o(m) = -2*m**2 - 29*m - 42. What is o(-14)?
-28
Let g(x) = -17*x + 234. What is g(15)?
-21
Let a(k) = -k**2 + 2*k - 12. Determine a(7).
-47
Let s(j) = -j**2 + 21*j + 42. Determine s(-2).
-4
Let c(j) = -j**3 - 4*j**2 + 4*j + 1. What is c(-4)?
-15
Let o(f) = -f**2 - 5*f + 11. Determine o(-7).
-3
Let o(t) = -8*t + 38. Give o(7).
-18
Let k(h) = -h**2 + 2*h - 2. Calculate k(0).
-2
Let m(s) = -2*s**3 + 2*s**2 + 5*s + 6. What is m(0)?
6
Let c(n) = n**3 - 6*n**2 - 10*n + 23. What is c(7)?
2
Let y(v) = -16*v + 1. Calculate y(-1).
17
Let h(a) = -a**2 - 29*a - 44. What is h(-27)?
10
Let z(d) = -d**2 + 3*d - 9. Determine z(5).
-19
Let j(v) = -34*v + 23. Give j(6).
-181
Let w(z) = -22*z - 39. Calculate w(6).
-171
Let z(x) = 78*x**3 - 3*x**2 + x + 1. What is z(1)?
77
Let x(c) = 24*c**2 - 6*c. Determine x(1).
18
Let v(r) = 28*r**3 + r**2. Determine v(1).
29
Let i(q) = 3*q + 3. Calculate i(5).
18
Let u(c) = -c**3 - c**2 + 10*c + 2. What is u(3)?
-4
Let f(r) = r**2 - 14*r. Calculate f(13).
-13
Let s(t) = t - 5. Determine s(-4).
-9
Let n(h) = h**3 + 18*h**2 + 11*h - 41. Determine n(-17).
61
Let m(g) = -g**2 - 2*g + 9. What is m(3)?
-6
Let h(t) = -3*t**2 - 76*t + 224. Calculate h(-28).
0
Let f(o) = -o**3 + 4*o**2 - 2*o + 6. What is f(4)?
-2
Let n(z) = 18*z + 485. What is n(-27)?
-1
Let f(w) = 4*w + 25. Calculate f(-3).
13
Let t(f) = 4*f + 27. Determine t(-6).
3
Let i(u) = -2*u**2 - 3. Give i(-2).
-11
Let q(x) = x**3 + 25*x**2 + 22*x - 41. Determine q(-24).
7
Let c(d) = -37*d - 2. Determine c(-3).
109
Let z(h) = 2*h**3 - 3*h**2 - 5*h + 4. Determine z(3).
16
Let k(w) = -w - 4. What is k(-3)?
-1
Let n(u) = u**3 + 14*u**2 + 4*u - 5. Determine n(-14).
-61
Let z(k) = -k**3 - 5*k**2 - 5*k - 10. What is z(-4)?
-6
Let m(c) = -c + 36. Determine m(25).
11
Let x(k) = 2*k**3 + 4*k**2 + 5*k. Determine x(-3).
-33
Let i(j) = 9*j - 138. Give i(13).
-21
Let h(s) = -s**2 - 18*s - 23. Determine h(-11).
54
Let a(p) = p**3 - 5*p**2 - 2*p - 7. What is a(3)?
-31
Let p(l) = -l**2 + 4*l + 3. Give p(4).
3
Let x(z) = z**2 + 8*z - 10. Determine x(-9).
-1
Let v(t) = -3*t + 11. Determine v(2).
5
Let d(v) = 2*v**3 - v**2 - v + 1. What is d(1)?
1
Let f(v) = v**2 + v - 6. Calculate f(3).
6
Let z(o) = -15*o - 7. Give z(4).
-67
Let p(f) = -f**2 + 44*f - 157. Give p(40).
3
Let w(h) = -27*h**3 + h**2 - h + 1. Calculate w(1).
-26
Let h(l) = l**3 + 6*l**2 - 17*l - 52. What is h(-7)?
18
Let v(l) = l**3 + 12*l**2 + 2*l + 19. What is v(-12)?
-5
Let b(l) = -3*l + 33. Give b(12).
-3
Let y(g) = g**3 - 9*g**2 + 8*g + 20. Determine y(8).
20
Let l(q) = q**2 - 3*q -